 = b + 2. Suppose i*f - 3 = 25. Calculate the remainder when 39 is divided by f.
11
Calculate the remainder when (-1 - 15/(-10))/(6/192) is divided by 10.
6
Let l = -63 - -22. Let u = l + 53. Calculate the remainder when 22 is divided by u.
10
Let l be (2 - 13/(-1)) + -1. Let w = l - 4. What is the remainder when w is divided by 6?
4
Suppose -t + 2*t = 16. Let w = -16 - -59. Calculate the remainder when w is divided by t.
11
Let t(b) = -b**2 + 15*b - 48. What is the remainder when 26 is divided by t(10)?
0
Calculate the remainder when 122/4*(21 + 1) is divided by 42.
41
Let y(h) = -h + 51. Let z(r) = r**3 + 6*r**2 - r - 3. Let j be z(-6). Suppose j*a = 6*a - 18. Calculate the remainder when y(16) is divided by a.
5
Let a(n) = -3*n**2 - 22*n + 10. Calculate the remainder when a(-6) is divided by 6.
4
Let u = -18 - -49. Let r = u - 5. Calculate the remainder when r is divided by 7.
5
Suppose -97 = -19*d + 264. Calculate the remainder when 186 is divided by d.
15
Suppose 1444 = -18*v + 56*v. What is the remainder when 1/(73/72 + -1) is divided by v?
34
Let t be ((-6)/4)/(-2*(-1)/(-4)). Suppose -t*p - 6*s = -11*s - 85, 5*p - 4*s = 133. Calculate the remainder when p is divided by (-1 + 14)*(-2 + 3).
12
Suppose 4*v + 4*x = 76, 7*v - 2*v - 87 = 3*x. Suppose -14*l + v*l = 44. What is the remainder when 21 is divided by l?
10
Let n = -50 - -27. Let x = n - -49. Calculate the remainder when 75 is divided by x.
23
Let w be 5*3/15 + 1. Let i = 22 - w. Calculate the remainder when 38 is divided by i.
18
Let d = 2220 + -2176. What is the remainder when 84 is divided by d?
40
Let l = -1488 + 1495. What is the remainder when 12 is divided by l?
5
Let q be 441/91 - 2/(-13). Suppose -2*w = q*v - 25 - 24, -5*v + w + 58 = 0. Suppose -4*m + 2 = -126. What is the remainder when m is divided by v?
10
Suppose -a = -2*a - 12. Let v(p) = 4*p - 3. Calculate the remainder when (28 + -1)*(-16)/a is divided by v(4).
10
Let q(z) = 11*z**3 + 2*z**2 - 1. What is the remainder when 778 is divided by q(1)?
10
Let d = 35 + -30. Suppose d*b = -3*f - 5, -12 = -2*b + 5*b. Calculate the remainder when 8 is divided by f.
3
What is the remainder when 101 is divided by 142/4 - 441/294?
33
Suppose -2*v + 176 = -2*o, 2*v - 8*o - 179 = -9*o. Let n(u) = 3 + 1 + 0*u - 8*u - 2. What is the remainder when v is divided by n(-2)?
17
Let f be (-3 - -3) + -2 + -40. Let o = f - -23. Let z = -16 - o. Calculate the remainder when 11 is divided by z.
2
Suppose 11*f = 6*f + 245. Suppose -4*y - 5*d - f = -165, 5*y = -d + 124. What is the remainder when 142 is divided by y?
22
Suppose 3*z - 7 = 5. Suppose z*g - 5*g = -9. Calculate the remainder when 14 is divided by g.
5
Let q be ((-4)/(-3))/((-22)/(-66)). Suppose q*v = -51 - 37. Calculate the remainder when 20 is divided by (v/(-6))/(3/9).
9
Let w(j) = -46*j + 9. Let h be w(1). Let x = 51 + h. Calculate the remainder when 55 is divided by x.
13
Let k(c) be the second derivative of c**4/12 - 11*c**3/6 + 21*c**2/2 - 13*c. What is the remainder when 10 is divided by k(9)?
1
Let x(j) = -j**2 + 14*j + 15. Let p be x(16). Let q = p - -38. What is the remainder when q is divided by 6?
3
Let p(r) = -26*r - 1. Let j(i) = -9*i. Let o(y) = 8*j(y) - 3*p(y). Calculate the remainder when 114 is divided by o(6).
36
Suppose -o = 6*o - 175. Suppose -5*g - 72 = -2*j, -7*g + 3*g = 3*j - 108. Suppose f = 5*f - j. What is the remainder when o is divided by f?
7
Let h(s) = 2*s**2 + 52*s - 33. Suppose -z + 8 = -0*z. Calculate the remainder when h(-27) is divided by z.
5
Suppose k - 89 = 4*o, -125 = -3*k + 5*o + 142. Calculate the remainder when k is divided by 30.
29
Let q(y) = -44*y - 479. What is the remainder when 369 is divided by q(-11)?
4
Let o be 220/(-30)*(-42)/4. Suppose 7*g + 0 = o. What is the remainder when g is divided by 3?
2
Suppose 0 = 4*g - g - q - 28, 5*g = -5*q + 40. Calculate the remainder when (-4)/14 - 2928/(-56) is divided by g.
7
Calculate the remainder when (-1)/(4*(27/1812)/(-9)) is divided by 17.
15
Suppose -3*n + 135 = -3*f, -4*n + 202 = -5*f + 22. Calculate the remainder when n is divided by 31.
14
Let s(c) = -3*c + 9. Let t be s(-4). Suppose -9*h + 10*h = t. What is the remainder when 101 is divided by h?
17
What is the remainder when 218 is divided by (-18 - 1)/(68 + -69)?
9
Let a(u) = 82*u**3 + u**2 - 2*u - 1. What is the remainder when a(1) is divided by 23?
11
Suppose -7*f + f = -30. Suppose -4*u + 5*u = -2*q + 26, 12 = u - f*q. What is the remainder when u is divided by 8?
6
Let r be (3 - -1)*(-4)/(-8). Suppose r*n - 13 - 33 = 0. Suppose n + 21 = 4*a. Calculate the remainder when 32 is divided by a.
10
Let p(n) = n**2 + 11*n - 6. Calculate the remainder when 513 is divided by p(5).
69
Suppose -2*h + 3*u + 173 = 0, 2*h + 3*u + u = 180. Calculate the remainder when h is divided by ((-180)/(-6))/(-6) + 23.
16
Let w(j) = -j + 17. Let z be w(13). Suppose 3*v - 2*c - 11 = 0, 0 = 5*v + 4*c - z - 7. Suppose v*m - 205 = -2*m. What is the remainder when m is divided by 15?
11
Let t be (-23)/(-7) + 4/(-14). Suppose -4*j - 3*u + 44 = u, t*j = -4*u + 32. Suppose 598 = -2432*l + 2445*l. Calculate the remainder when l is divided by j.
10
Suppose z = -z + 18. Calculate the remainder when z is divided by 15*(80/(-12) - -7).
4
Let u(c) = 2*c**2 + 3*c - 71. What is the remainder when u(9) is divided by 43?
32
Let j(b) = 3*b**3 - b**2 - b - 2. Let a(i) = -i**3 + i**2. Let s(k) = -5*a(k) - j(k). What is the remainder when 10 is divided by s(2)?
2
Suppose -a + 101 = 3*y, 0 = 3*a + 5*y - 405 + 102. Suppose 4*f = 50 + 18. Calculate the remainder when a is divided by f.
16
What is the remainder when (-6 + -4 + 5)*(-406)/10 is divided by 17?
16
Let i(q) = -2*q + 48. Calculate the remainder when 14 is divided by i(21).
2
Let l = 23 + -19. Suppose -5*g = 2*r + 15 - 84, -3 = -g - l*r. What is the remainder when 41 is divided by g?
11
Suppose -4*w + 110 = 31*r - 28*r, 0 = -3*r - 3*w + 108. Calculate the remainder when 268 is divided by r.
30
Suppose 2*n = -4*p + 20, -1 = -2*p + 3. Suppose -2*l + 26 = 4*q, 3*q - 24 = -5*l + n. Suppose -13 = -g + l. Calculate the remainder when g is divided by 9.
7
Let q be -2 + (-10)/1 + 1. Let y = q + 17. Let j(d) = -d**3 + 4*d**2 - d + 15. Calculate the remainder when j(4) is divided by y.
5
Let j = 384 - 350. What is the remainder when 48 is divided by j?
14
Let j be (2*3 - (-15 - -17))/2. Suppose 5 = -j*r + 29. Calculate the remainder when 59 is divided by r.
11
Suppose 0 = 16*r - 13*r - 6. Let m(v) = 21*v - 7. What is the remainder when 68 is divided by m(r)?
33
Let n be 23/(-3) - (-6)/9. Calculate the remainder when 64 is divided by (n/(-2))/(-7)*-26.
12
Let u = -28 - -6. Let z = -5 - u. Calculate the remainder when 65 is divided by z.
14
What is the remainder when 1558 is divided by (6 - (-42)/6)*(-8 + 14)?
76
Let r = 63 - 37. Let l(g) = g**3 + 4*g**2 + 4. Let n be l(-4). Suppose -5*d = n*s - 36, s + 4*s - 45 = 2*d. Calculate the remainder when r is divided by s.
8
Suppose 2*u = -o - 4, 2*o + 3*u = -4 + 1. Let f be (-130)/6 + 6*(-6)/(-54). Let k(x) = x + 24. What is the remainder when o is divided by k(f)?
0
Let q be (3 - 2 - -285) + 2. Suppose 5*k + 15 = -5*z, -z + 3*z - 4*k = 18. Calculate the remainder when z/3 - q/(-27) is divided by 6.
5
Suppose 5*x - 13 = -o + 10, 11 = o + 2*x. Suppose -c + 3*c = -4, 0 = 5*t - o*c - 76. Calculate the remainder when 38 is divided by t.
10
Suppose -5*d = 4*i + 76 - 503, 4*i + 3*d - 429 = 0. What is the remainder when 287 is divided by i?
71
Suppose -45*d - 2*u = -44*d - 29, 4*u = 16. What is the remainder when 178 is divided by d?
10
Suppose 246*k = 244*k + 40. What is the remainder when 87 is divided by k?
7
Let v(q) = -3*q. Let p = -18 + 13. Let t be 1 + p + 2/2. Calculate the remainder when 33 is divided by v(t).
6
Suppose -41*t - 504 + 8663 = 0. Calculate the remainder when t is divided by 30.
19
Let l = -299 - -324. Calculate the remainder when 43 is divided by l.
18
Let u(c) = 6*c - 16. Let b be u(7). Suppose -b = i + 4. Let r = -10 - i. Calculate the remainder when 77 is divided by r.
17
Suppose -5*l + 80 = -35. What is the remainder when (1 + 0)*-3 + 71 is divided by l?
22
Let w(f) = -2*f**3 - 24*f**2 + 24*f + 16. What is the remainder when 219 is divided by w(-13)?
9
Suppose -2*